s -b3a (base 12) in base 4?
-121132
Convert 1001202 (base 3) to base 9.
1052
-9b2 (base 15) to base 4
-202100
Convert -1323 (base 12) to base 3.
-10000000
111001001001 (base 2) to base 12
2149
What is -19637 (base 10) in base 13?
-8c27
6d (base 15) to base 2
1100111
What is 2176 (base 11) in base 4?
230302
-1314 (base 7) to base 10
-501
What is -4520 (base 6) in base 9?
-1403
What is -1110100011011 (base 2) in base 13?
-3512
What is -585 (base 10) in base 7?
-1464
1b6 (base 15) to base 12
290
What is -262 (base 11) in base 2?
-100110110
10332 (base 5) to base 4
23031
Convert 4452 (base 6) to base 12.
728
Convert 53 (base 13) to base 16.
44
Convert -708 (base 11) to base 3.
-1011200
Convert 322 (base 9) to base 14.
14b
Convert -12304 (base 5) to base 2.
-1110111010
Convert 320 (base 16) to base 4.
30200
153420 (base 6) to base 12
8870
4807 (base 11) to base 3
22122022
21164 (base 7) to base 3
21012002
Convert -7343 (base 9) to base 11.
-4056
21a0 (base 12) to base 15
1180
What is -3ea (base 15) in base 7?
-2416
15025 (base 6) to base 3
10021122
What is -919 (base 12) in base 11?
-a98
What is -1128 (base 11) in base 15?
-68c
125 (base 8) to base 11
78
What is 14079 (base 10) in base 8?
33377
What is 32238 (base 9) in base 2?
101001101011010
What is 25887 (base 10) in base 13?
ba24
Convert 1231 (base 12) to base 6.
13301
Convert -385 (base 10) to base 15.
-1aa
What is -998d (base 14) in base 12?
-13475
-216e (base 15) to base 4
-1232213
What is 3506 (base 7) in base 10?
1280
Convert c484 (base 14) to base 3.
1201101220
Convert -21013313 (base 4) to base 8.
-110767
2362 (base 11) to base 12
1959
Convert 334 (base 6) to base 4.
2002
What is -12530 (base 8) in base 6?
-41144
What is 3348 (base 9) in base 6?
15242
6817 (base 9) to base 7
20455
8490 (base 11) to base 12
65bb
24754 (base 8) to base 9
15644
What is -599 (base 13) in base 14?
-4d5
Convert -10111122 (base 3) to base 5.
-40210
-5cb0 (base 14) to base 3
-211020222
What is 11044 (base 6) in base 5?
22130
What is -3753 (base 13) in base 5?
-222332
10a3 (base 14) to base 7
11263
What is -a45 (base 15) in base 2?
-100100001011
What is -110000222 (base 3) in base 2?
-10001001000110
-56 (base 11) to base 7
-115
Convert 41a3 (base 16) to base 4.
10012203
100111001010 (base 2) to base 12
154a
120202 (base 3) to base 16
1a9
What is -10002122 (base 3) in base 11?
-1773
Convert -26d (base 15) to base 10.
-553
Convert 2862 (base 14) to base 6.
53022
What is -442 (base 12) in base 9?
-765
1000110100111010 (base 2) to base 6
435214
What is 1183 (base 11) in base 10?
1543
11021 (base 7) to base 6
20435
What is 5467 (base 10) in base 6?
41151
What is 36824 (base 10) in base 7?
212234
817 (base 15) to base 11
1407
What is -258 (base 14) in base 13?
-2a2
What is -23441 (base 10) in base 14?
-8785
What is -215a1 (base 11) in base 5?
-2000304
-130244 (base 6) to base 2
-10110111110100
-133031 (base 4) to base 5
-30442
415 (base 8) to base 6
1125
-9c (base 13) to base 4
-2001
Convert 13a99 (base 12) to base 10.
27477
-22304 (base 6) to base 11
-23a1
1110100011 (base 2) to base 3
1021111
-1334113 (base 5) to base 15
-81c3
Convert -1010011011111001 (base 2) to base 16.
-a6f9
Convert 4666 (base 8) to base 13.
1193
-5091 (base 10) to base 16
-13e3
What is 200122 (base 3) in base 16?
1f7
Convert 24765 (base 8) to base 3.
112201211
245 (base 9) to base 10
203
What is -11100100010111 (base 2) in base 8?
-34427
11120 (base 3) to base 16
7b
What is 44b5 (base 14) in base 4?
2322033
154 (base 14) to base 9
330
-288 (base 16) to base 9
-800
Convert -19b1 (base 12) to base 3.
-11022221
48135 (base 9) to base 3
1122011012
Convert 2021 (base 10) to base 12.
1205
What is -82 (base 16) in base 12?
-aa
Convert -14150 (base 6) to base 11.
-1744
-100100111 (base 2) to base 6
-1211
c7 (base 13) to base 4
2203
What is -101101111100 (base 2) in base 14?
-1100
-458d (base 16) to base 13
-8148
What is 20112 (base 4) in base 12?
386
What is -875 (base 14) in base 6?
-11423
520c (base 15) to base 13
7b78
6439 (base 10) to base 14
24bd
112112 (base 4) to base 3
1221222
What is -404143 (base 5) in base 2?
-11001011111000
Convert 20215 (base 6) to base 12.
166b
2146 (base 7) to base 11
63a
Convert 2833 (base 14) to base 9.
10660
What is 1002031 (base 5) in base 15?
4a96
What is 92e (base 16) in base 8?
4456
Convert -654 (base 9) to base 13.
-322
What is -512 (base 14) in base 9?
-1326
Convert 1104 (base 11) to base 7.
4150
Convert 1405 (base 7) to base 10.
544
Convert -27e (base 15) to base 9.
-702
What is 2263 (base 10) in base 12?
1387
Convert -315a7 (base 11) to base 15.
-d951
-13034 (base 5) to base 3
-1101202
6512 (base 7) to base 11
1812
-1b9a (base 15) to base 12
-3577
What is -2200102122 (base 3) in base 8?
-147102
3081 (base 12) to base 2
1010010100001
Convert -1101033 (base 4) to base 6.
-40023
-11832 (base 10) to base 7
-46332
Convert 67b7 (base 14) to base 16.
464d
Convert 3101 (base 9) to base 13.
1057
What is 18206 (base 10) in base 8?
43436
51053 (base 7) to base 15
3a0b
What is 1111111001000 (base 2) in base 15?
2626
What is 2418 (base 13) in base 10?
5091
7112 (base 8) to base 4
321022
764 (base 9) to base 12
441
-122321 (base 4) to base 5
-23341
134b7 (base 13) to base 10
35978
Convert 232606 (base 7) to base 11.
29453
What is -553 (base 9) in base 16?
-1c5
Convert -8c9 (base 13) to base 8.
-2755
138d (base 16) to base 3
20212101
2222 (base 9) to base 5
23030
-42 (base 7) to base 16
-1e
What is 1010135 (base 6) in base 11?
33087
What is 3325 (base 15) in base 12?
632b
What is 2122000 (base 3) in base 15?
87c
What is 225421 (base 6) in base 2?
100101110110101
1365 (base 9) to base 12
71b
-1a72 (base 16) to base 13
-310a
Convert -13349 (base 11) to base 4.
-10221222
Convert 1aa4 (base 12) to base 8.
6334
What is 23210 (base 4) in base 9?
1012
Convert 10000 (base 2) to base 9.
17
Convert -1052 (base 6) to base 12.
-188
101111111100001 (base 2) to base 16
5fe1
What is -110100000 (base 2) in base 15?
-1cb
-4718 (base 10) to base 13
-21bc
Convert 30400 (base 6) to base 12.
2400
What is 36c (base 13) in base 3?
211010
What is -4049 (base 10) in base 4?
-333101
212020111 (base 3) to base 14
6262
33331 (base 5) to base 7
6553
Convert 154 (base 14) to base 3.
101000
What is 1201001012 (base 3) in base 9?
51035
211110201 (base 3) to base 13
75c1
What is -509 (base 10) in base 5?
-4014
Convert -1655 (base 10) to base 13.
-9a4
What is 1087 (base 9) in base 13?
4a2
What is 14527 (base 9) in base 6?
113511
Convert 12e (base 15) to base 9.
328
Convert a4c (base 16) to base 7.
10454
What is 104134 (base 5) in base 6?
24553
Convert -14306 (base 14) to base 4.
-30031002
Convert 2411010 (base 5) to base 7.
243516
Convert -238 (base 14) to base 12.
-30a
What is 112111112 (base 3) in base 12?
614b
What is 3222232 (base 5) in base 6?
1101112
-10204 (base 9) to base 10
-6727
-1287 (base 10) to base 3
-1202200
-143 (base 14) to base 2
-11111111
Convert -7e9 (base 16) to base 15.
-900
Convert 10312 (base 4) to base 7.
622
6862 (base 9) to base 14
1bca
What is 22444 (base 6) in base 10?
3196
What is -93 (base 11) in base 3?
-10210
88 (base 11) to base 3
10120
What is 31000 (base 4) in base 13?
4c0
233120 (base 4) to base 10
3032
Convert 11001011101110 (base 2) to base 11.
9883
What is 8914 (base 12) in base 8?
35440
What is -202422 (base 5) in base 2?
-1100111010100
412 (base 6) to base 12
108
-2012102 (base 3) to base 9
-2172
Convert -3846 (base 10) to base 6.
-25450
What is -3d57 (base 16) in base 4?
-3311113
-2714 (base 12) to base 3
-20010221
What is 523 (base 12) in base 7?
2115
Convert 440005 (base 6) to base 2.
1000110111000101
-183a0 (base 13) to base 11
-32162
4057 (base 8) to base 15
94a
What is 115011 (base 7) in base 13?
96b1
What is -32 (base 10) in base 6?
-52
Convert 697 (base 16) to base 5.
23222
-10002021 (base 3) to base 4
-203020
-113 (base 7) to base 15
-3e
What is 275 (base 10) in base 15?
135
-2325 (base 6) to base 11
-467
-112022100 (base 3) to base 4
-2202333
Convert -369 (base 11) to base 8.
-666
What is -1292 (base 13) in base 8?
-5136
Convert 232032 (base 5) to base 9.
12454
Convert 20111023 (base 4) to base 13.
126bb
Convert 43431 (base 5) to base 16.
baf
236 (base 16) to base 2
1000110110
-dd3 (base 16) to base 8
-